s 0 - (3 + 3 + (0 - 1))?
-5
0 + 2 - (2 - 3 - -6)
-3
What is (0 - 1 - (-6 - -8)) + 4?
1
Calculate (-2 - (-8 + 0)) + -1.
5
What is (0 + -1 - -11) + (-6 - -1)?
5
What is -3 + (2 - (-7 + -2))?
8
What is the value of 5 + (-3 - 3 - -4) + 1?
4
What is the value of 3 - (6 - (3 - -5))?
5
Evaluate -3 + 0 - (1 - (-1 + 1)).
-4
What is 3 + (4 - -3 - (9 + 3))?
-2
What is 1 + 7 + -11 + 4?
1
2 - -7 - (0 - -4)
5
What is (-8 - -2) + -45 + 52?
1
Evaluate (-228 - -218) + (-1 - -1).
-10
Evaluate 8 + (9 - (18 - 6)).
5
Calculate -3 + 2 + 6 + -2.
3
What is the value of -4 - (5 + -5 + -4)?
0
What is the value of 6 + (-17 - (-7 - -7) - -8)?
-3
Evaluate (-6 - -6) + 0 + -1 + -5.
-6
Evaluate (-5 + (4 - 2) - -1) + 8.
6
What is 3 + (4 - 14 - -3)?
-4
What is the value of 4 - (-4 - (-15 - -3))?
-4
What is -3 + 7 - (14 + -5)?
-5
What is the value of (5 - -6 - 0) + -8?
3
What is the value of (9 - (-2 + 20)) + 5?
-4
Evaluate -3 - (11 + (10 - 33)).
9
Evaluate -5 - (2 - 2) - -10.
5
Evaluate -7 + 9 - (-1 + 2) - 6.
-5
Evaluate -4 - (7 + (-21 - -8)).
2
Evaluate -3 + -5 + 9 + (1 - -1).
3
Evaluate 16 + -21 + (-1 - (-11 + 3)).
2
Evaluate 15 + 6 + -13 + -11.
-3
Calculate 4 - (9 - 4) - (8 + -10).
1
Calculate 3 + -1 + -1 + -7.
-6
-26 + 31 + 1 + -4
2
Calculate 19 - (5 - 0) - 4 - 5.
5
-5 - -1 - -4 - (-1 + 2)
-1
Calculate 5 + (-13 - -7) + -6.
-7
Calculate (-9 - -14) + (1 - 11).
-5
Evaluate -10 - -2 - (59 - 63).
-4
What is 4 - (-12 + 23 + -13)?
6
Calculate 3 + (-4 - (5 + -8)).
2
Evaluate -4 + (9 + 1 - 3) + 2.
5
What is -3 + (-1 - -1) + 14 + -12?
-1
Evaluate (-11 - (5 + -9)) + 11.
4
What is the value of (-1 - 5) + (13 - 12)?
-5
Calculate (-9 - -4) + 7 + 3 - -5.
10
Calculate (-2 - 0) + -8 + 1 + 4.
-5
Evaluate 0 - (4 + 1 - (-4 - -6)).
-3
Evaluate -3 - -2 - -12 - 13.
-2
-3 - (-6 - -4 - 1)
0
What is -1 + (15 - (8 + -1 - 2))?
9
Evaluate (-16 - (5 + -11)) + 8.
-2
Calculate 4 - (-3 + (5 - -4)).
-2
What is the value of -4 - (-1 + 7 + -5)?
-5
Calculate -12 + (-7 - -15) + 8.
4
7 - (5 + 0) - -3
5
What is -4 + (-1 + 1 - 3 - -13)?
6
What is 2 + (-4 - 0) - (1 + -1)?
-2
Evaluate (-2 - -1 - -2 - -2) + 1.
4
(7 - 4) + (-5 + -1 - -3)
0
-2 - (-4 + (-6 - -3) + 7)
-2
Calculate -5 - (-2 - (4 - 4)).
-3
What is the value of -3 - (10 - 23) - 1?
9
-3 - (-6 + -10 + 12)
1
What is the value of 7 + -9 + -2 + 4?
0
Calculate -3 - (-1 + 1 - (12 + -12)).
-3
Evaluate 1 - 0 - (-3 - 2).
6
Calculate -1 + -4 - (-5 - -3).
-3
Evaluate (7 + -6 - -2) + (-4 - -1).
0
19 + -21 - (1 - 2)
-1
Evaluate 15 + (-3 - -11 - 20).
3
Calculate -2 + (6 + -2 - -2).
4
-5 + -4 + 2 + 1 - -5
-1
Calculate 3 + (4 - (10 + (0 - 4))).
1
What is 359 + -347 - (5 + (2 - 1))?
6
What is (-3 - 1) + (-7 - -12) + 3?
4
Evaluate -7 + (8 - 0) + -4.
-3
What is the value of 2 - (0 + (3 - 5))?
4
-3 + -1 + 3 + 4 + -2
1
Calculate (6 - 7) + (-2 - 0) - -2.
-1
What is 0 - (4 - (7 + 1))?
4
Calculate (-22 - (-4 - 27)) + (0 - -1).
10
What is the value of -1 + (4 - 5 - -2) + -3?
-3
What is -9 + 16 + -6 + -5 + 0?
-4
What is (-2 - 4 - 2 - -1) + 2?
-5
What is the value of (-25 - -28) + -3 + -1 + 3?
2
Calculate (2 - (6 - (-4 - -6))) + 6.
4
5 - -3 - (1 - -3)
4
Evaluate (-11 - -26 - (5 - -3)) + -2.
5
What is the value of -3 - 3 - -4 - (3 - 1)?
-4
Evaluate -5 + (3 - (-2 + 7)) - -2.
-5
What is the value of (2 - 2) + (2 - 0) + -6?
-4
9 - (10 - (-1 + 5))
3
(-5 - (4 + -6)) + (2 - 1)
-2
-2 + 6 - (3 - (-8 + 3))
-4
Calculate 4 + (1 - (-4 + 7)).
2
Evaluate -2 - -3 - (2 - (-1 + 2)).
0
What is (7 - 10) + (1 - 3)?
-5
What is 53 - 47 - (17 + -1 - 2)?
-8
What is 7 + -2 - (0 - -2)?
3
-39 + 34 + 9 + -2 + 7
9
Calculate 9 - (0 + 8 + -3).
4
What is the value of 5 + -2 + -20 + 9?
-8
2 - 2 - (3 + -1) - 3
-5
1 - (-6 - (-5 + 1 + -9))
-6
Evaluate -5 - (1 - 2) - (-17 + 11).
2
5 + (2 - (9 + -5))
3
What is the value of 7 + (4 - 2) - 5?
4
What is 2 - 0 - (0 + -3)?
5
Calculate 2 + -2 + -5 + 5.
0
What is 1 + (-12 - -4) + 2?
-5
What is the value of (0 - 0) + (5 - 1) + 0?
4
Evaluate -24 + 2 + (37 - 24).
-9
Calculate (1 - (2 + 0 + -2)) + 3.
4
What is 5 + 0 + (-3 - (-2 - 5))?
9
Calculate -20 + 10 + -3 + 15.
2
Calculate -1 - -1 - (-7 - (-3 - 2)).
2
What is (-5 - -2) + 0 + 0 + 0?
-3
What is 2 + -9 - (-11 + 3) - -3?
4
Calculate -1 + 1 + (1 - (3 - 1)).
-1
-8 + 9 + -4 - -6
3
1 - (-3 + -1 + 0)
5
(-7 - (-4 + -6)) + -5
-2
What is 0 + 2 - (-2 + -10 - -16)?
-2
Calculate (-17 - -25) + (1 - 8).
1
What is -3 + -2 - (-2 - 0)?
-3
Evaluate 0 + 1 - (-72 - -68) - 5.
0
Evaluate (-6 - -2) + -4 - -5.
-3
What is 3 + 1 - (0 - (-6 - -5))?
3
What is -19 + 9 - (0 - 17)?
7
Evaluate 0 + 3 + (0 - 5).
-2
What is the value of 13 + (-7 + 11 - 13)?
4
-13 - (-8 + -5 + 10 - 5)
-5
What is 0 - (0 - -1 - 3) - 4?
-2
What is -6 - (-6 - 0) - (0 + 0)?
0
What is the value of -2 - (1 + 1) - -8?
4
Evaluate -125 + 128 + (0 - (-1 - -5)).
-1
What is the value of 1 + -10 - 0 - -5?
-4
-5 - -4 - (1 + -6)
4
What is -1 + 0 + 4 + -1?
2
What is the value of 1 + -2 - (0 - 1)?
0
Calculate -1 + -3 + 10 + -5.
1
What is (-1 - (-2 - -2)) + 6 + -3?
2
0 - (3 + -3) - 1 - 2
-3
0 + (1 + 1 + 0 - 0)
2
Calculate 4 - (0 - (-1 - 5)) - -3.
1
What is 2 - (-4 + (0 + -2 - -12))?
-4
Calculate (3 - (-1 - -11)) + 5 + 2.
0
-4 + 17 + 0 + -8
5
What is the value of -2 + -3 + 6 - (-1 + -3)?
5
Evaluate -4 - (2 - -3 - (-2 - -7)).
-4
Calculate 5 - (3 - 0) - 6.
-4
Evaluate 7 + -4 - 7 - 0.
-4
(2 - (1 - (4 + -4))) + -5
-4
Evaluate 228 + -240 - (-8 - -1).
-5
What is (2 - 0 - 2) + (0 - 2)?
-2
4 + -2 + (1 - 6)
-3
What is (7 - 1) + (-14 - -13)?
5
Calculate 7 + -4 - (-4 + 1).
6
Evaluate 5 + 11 + 4 + -11.
9
(0 - 7) + -2 + (2 - -4)
-3
What is the value of (-2 - 0) + 1 + (1 - 4)?
-4
-1 - 0 - -3 - 2
0
Calculate (2 - 1) + -10 + 12 + -7.
-4
Calculate (-2 - -7) + (-29 - -27).
3
What is (-5 - -1 - -3) + 4?
3
What is -44 + 43 + (7 - -3)?
9
Calculate (-2 - -6) + (3 - 3).
4
56 + -58 + (-4 - (0 + -2))
-4
Evaluate 3 - 8 - (-2 + -3).
0
What is (0 - -4) + (-8 - -8)?
4
Evaluate (0 + 6 - 2) + -1 + 1.
4
What is the value of -5 + 7 + (-6 - -1)?
-3
Calculate -11 + 1 - (12 + -20).
-2
Evaluate (7 - 3) + -1 - (7 + 0).
-4
(-5 - (0 - 5)) + -2
-2
7 + -3 + (4 - 6)
2
Calculate 4 + (-14 + 7 + 8 - -2).
7
Evaluate (-6 - (8 - 6)) + 2 + -1.
-7
3 + -2 + (-2 - -1)
0
What is the value of -7 + (-1 + 3 + 2 - 1)?
-4
What is (4 - (-1 + 2)) + 3 + -2?
4
Evaluate (-5 - 1) + (82 - 80).
-4
Evaluate 21 + -20 + (2 - 2) + -3.
-2
Calculate 5 - 6 - (-1 - 4).
4
Calculate -6 + (0 - (3 + 1) - -10).
0
6 - 5 - 0 - 2 - -2
1
Calculate 1 - (1 + 5) - (-16 + 10).
1
Calculate -3 + -2 + 2 - -3.
0
What is the value of (-2 - (-3 + (4 - -1))) + 2?
-2
Evaluate -9 - 1 - (-3 - 10).
3
What is the value of (-3 - 0) + (3 - 4) + 3?
-1
Calculate 2 - (-2 + 3 + 6 + -9).
4
What is the value of 1 + (0 - 4) + (0 - 2)?
-5
What is -1 + 2 + 17 + -13?
5
-16 + 16 + -3 + 9
6
Evaluate 2 + 11 + -9 + (1 - -1).
6
Evaluate (-8 - -5) + -2 - 2.
-7
What is 0 + 1 - (-9 + -22 + 37)?
-5
What is (-9 - -3) + 0 + 2?
-4
-8 + 4 + 7 + 0 + 2
5
Evaluate -4 + (3 - (-2 + 2)).
-1
What is -7 + 3 + 2 - -2 - -2?
2
Evaluate 3 - (2 + -4 + 3).
2
Calculate -3 + 1 + -6 + -2.
-10
-1 - 5 - (7 + -21 + 15)
-7
What is the value of (-4 - 1) + (-4 - -2)?
-7
Evaluate 3 + -9 + 1 + 8.
3
Evaluate -5 + (0 - -4 - 1).
-2
Calculate 2 + (-9 - -4) + -2.
-5
What is 2 - (1 - (0 - -4) - 4)?
9
What is 4 + 1 + -1 - (3 - -2)?
-1
What is the value of -2 + 3 + -3 + (1 - -4)?
3
Evaluate -10 + (-6 - -11) + (3 - -1).
-1
What is the value of -6 + 8 + (-5 + 2 - -2)?
1
Evaluate -4 + (-2 - (3 + -5)).
-4
Evaluate (-2 + 5 - 4 - 1) + -1.
-3
3 + -8 + (-4 - -8)
-1
-3 + 2 + 1 + -4
-4
What is -4 + 4 + -2 + 1?
-1
Calculate (1 - -1) + (-6 - (-4 - 5)).
5
What is the value of 3 + 6 + -8 + 1 + -3?
-1
Calculate (4 - (3 + -3)) + -9.
-5
Evaluate -12 - ((-7 - -2) + -5).
-2
1 - 4 - (16 - 17)
-2
Calculate 1 + -8 + 9 + 1.
3
What is the value of -5 + (19 - (-11 - -23))?
2
Calculate 6 + 2 + -33 + 26.
1
(-6 - (-11 + (-2 - -6))) + -3
-2
Evaluate (-10 - -4) + 6 + (0 - 0).
0
What is 23 - 24 - (5 - 1)?
-5
Calculate -11 - -21 - -5 - 12.
3
Evaluate 124 - 112 - (3 - 1).
10
Calculate 0 + -2 + 3 + -4.
-3
0 + (-5 - (-4 + 1)) + -1
-3
7 - ((-4 - (3 - 7)) + 2)
5
Evaluate (3 + -5 + 3 - 0) + 3.
4
Calculate -3 + 9 - (13 + -8 + -5).
6
-2 - (-2 + 3 + (0 - 2))
-1
2 + -6 - (-15 - -14)
-3
(17 - 3 - 7) + -8
-1
Evaluate (-2 - -1 - (28 - 25)) + 8.
4
-5 + 7 + 1 - (-3 - -1)
5
What is -4 - -9 - (1 - 1)?